{"id":11826,"date":"2018-12-10T03:06:47","date_gmt":"2018-12-10T03:06:47","guid":{"rendered":"https:\/\/www.conventocefalu.com\/chi-siamo\/"},"modified":"2019-04-15T12:49:36","modified_gmt":"2019-04-15T12:49:36","slug":"qui-sommes-nous","status":"publish","type":"page","link":"https:\/\/conventocefalu.com\/fr\/qui-sommes-nous\/","title":{"rendered":"Qui sommes nous"},"content":{"rendered":"<div class=\"wpb-content-wrapper\"><p>[vc_row][vc_column][vc_column_text]<\/p>\n<h2 style=\"text-align: center;\">Le Couvent de Cefal\u00f9<\/h2>\n<p>[\/vc_column_text][vc_empty_space height=\u00a0\u00bb60px\u00a0\u00bb][\/vc_column][\/vc_row][vc_row][vc_column width=\u00a0\u00bb1\/2&Prime;][vc_column_text el_class=\u00a0\u00bbst-aboutus-title\u00a0\u00bb]<\/p>\n<h3>Le Pass\u00e9<\/h3>\n<p>[\/vc_column_text][vc_column_text el_class=\u00a0\u00bbst-aboutus-content\u00a0\u00bb]L&rsquo;ordre religieux des Soeurs Coll\u00e9gines a \u00e9t\u00e9 fond\u00e9 en 1700 par le cardinal Pier Marcellino Corradini. Son travail pour les pauvres n\u2019\u00e9tait pas celui d\u2019aum\u00f4nes humiliantes, mais celui d\u2019aider l\u2019homme \u00e0 s\u2019aider.<\/p>\n<p>La congr\u00e9gation ne s&rsquo;est jamais r\u00e9fugi\u00e9e dans des \u00e9coles ferm\u00e9es, mais a toujours \u00e9t\u00e9 pr\u00e9sente dans le contexte social avec une action formatrice avec le travail des coll\u00e8ges, visant \u00e0 d\u00e9velopper la conscience f\u00e9minine en tant que fondement du d\u00e9veloppement \u00e9thique et culturel de la Sicile. .[\/vc_column_text][vc_empty_space][vc_single_image image=\u00a0\u00bb10967&Prime; img_size=\u00a0\u00bblarge\u00a0\u00bb alignment=\u00a0\u00bbcenter\u00a0\u00bb css_animation=\u00a0\u00bbnone\u00a0\u00bb][vc_empty_space][\/vc_column][vc_column width=\u00a0\u00bb1\/2&Prime;][vc_column_text el_class=\u00a0\u00bbst-aboutus-title\u00a0\u00bb]<\/p>\n<h3>Le Pr\u00e9sent<\/h3>\n<p>[\/vc_column_text][vc_column_text el_class=\u00a0\u00bbst-aboutus-content\u00a0\u00bb]Aujourd&rsquo;hui, heureusement, la soci\u00e9t\u00e9 a atteint un niveau bien r\u00e9el pour surmonter les urgences du pass\u00e9 et de l&rsquo;ancien pensionnat enti\u00e8rement r\u00e9nov\u00e9, des S\u0153urs de Cefal\u00f9 accueillent les touristes pour leurs vacances.<\/p>\n<p>Nous sommes en face de la mer et de la plage de sable et \u00e0 environ 700 m\u00e8tres de la gare et \u00e0 un kilom\u00e8tre du port de Cefal\u00f9. Si vous voulez essayer quelque chose de diff\u00e9rent de l\u2019h\u00f4tel habituel sans renoncer \u00e0 tout le confort, nous serons heureux de vous accueillir au couvent de Cefal\u00f9.[\/vc_column_text][vc_empty_space][vc_single_image image=\u00a0\u00bb10972&Prime; img_size=\u00a0\u00bblarge\u00a0\u00bb alignment=\u00a0\u00bbcenter\u00a0\u00bb][vc_empty_space][\/vc_column][\/vc_row][vc_row][vc_column][vc_empty_space height=\u00a0\u00bb65px\u00a0\u00bb][\/vc_column][\/vc_row]<\/p>\n<\/div>","protected":false},"excerpt":{"rendered":"<p>[vc_row][vc_column][vc_column_text] Le Couvent de Cefal\u00f9 [\/vc_column_text][vc_empty_space height=\u00a0\u00bb60px\u00a0\u00bb][\/vc_column][\/vc_row][vc_row][vc_column width=\u00a0\u00bb1\/2&Prime;][vc_column_text el_class=\u00a0\u00bbst-aboutus-title\u00a0\u00bb] Le Pass\u00e9 [\/vc_column_text][vc_column_text el_class=\u00a0\u00bbst-aboutus-content\u00a0\u00bb]L&rsquo;ordre religieux des Soeurs Coll\u00e9gines a \u00e9t\u00e9 fond\u00e9 en 1700 par le cardinal Pier Marcellino Corradini. Son travail pour les pauvres n\u2019\u00e9tait pas celui d\u2019aum\u00f4nes humiliantes, mais celui d\u2019aider l\u2019homme \u00e0 s\u2019aider. La congr\u00e9gation ne s&rsquo;est jamais r\u00e9fugi\u00e9e dans des \u00e9coles ferm\u00e9es, mais [&hellip;]<\/p>\n","protected":false},"author":1,"featured_media":11062,"parent":0,"menu_order":0,"comment_status":"closed","ping_status":"closed","template":"template-single-hotel-modern.php","meta":{"footnotes":""},"class_list":["post-11826","page","type-page","status-publish","has-post-thumbnail","hentry"],"yoast_head":"<!-- This site is optimized with the Yoast SEO plugin v27.4 - https:\/\/yoast.com\/product\/yoast-seo-wordpress\/ -->\n<title>Qui sommes nous - Couvent de Cefalu B&amp;B<\/title>\n<meta name=\"description\" content=\"Les s\u0153urs de Cefal\u00f9 accueillent des touristes qui souhaitent passer leurs vacances \u00e0 Cefal\u00f9. Le couvent est situ\u00e9 en face de la mer et de la plage de sable.\" \/>\n<meta name=\"robots\" content=\"index, follow, max-snippet:-1, max-image-preview:large, max-video-preview:-1\" \/>\n<link rel=\"canonical\" href=\"https:\/\/conventocefalu.com\/fr\/qui-sommes-nous\/\" \/>\n<meta property=\"og:locale\" content=\"fr_FR\" \/>\n<meta property=\"og:type\" content=\"article\" \/>\n<meta property=\"og:title\" content=\"Qui sommes nous - Couvent de Cefalu B&amp;B\" \/>\n<meta property=\"og:description\" content=\"Les s\u0153urs de Cefal\u00f9 accueillent des touristes qui souhaitent passer leurs vacances \u00e0 Cefal\u00f9. Le couvent est situ\u00e9 en face de la mer et de la plage de sable.\" \/>\n<meta property=\"og:url\" content=\"https:\/\/conventocefalu.com\/fr\/qui-sommes-nous\/\" \/>\n<meta property=\"og:site_name\" content=\"Couvent de Cefalu B&amp;B\" \/>\n<meta property=\"article:publisher\" content=\"https:\/\/www.facebook.com\/ConventoCefalu\" \/>\n<meta property=\"article:modified_time\" content=\"2019-04-15T12:49:36+00:00\" \/>\n<meta property=\"og:image\" content=\"https:\/\/conventocefalu.com\/wp-content\/uploads\/2019\/04\/DSCN9542-e1554558987985.jpg\" \/>\n\t<meta property=\"og:image:width\" content=\"600\" \/>\n\t<meta property=\"og:image:height\" content=\"450\" \/>\n\t<meta property=\"og:image:type\" content=\"image\/jpeg\" \/>\n<meta name=\"twitter:card\" content=\"summary_large_image\" \/>\n<meta name=\"twitter:label1\" content=\"Dur\u00e9e de lecture estim\u00e9e\" \/>\n\t<meta name=\"twitter:data1\" content=\"2 minutes\" \/>\n<script type=\"application\/ld+json\" class=\"yoast-schema-graph\">{\"@context\":\"https:\\\/\\\/schema.org\",\"@graph\":[{\"@type\":\"WebPage\",\"@id\":\"https:\\\/\\\/conventocefalu.com\\\/fr\\\/qui-sommes-nous\\\/\",\"url\":\"https:\\\/\\\/conventocefalu.com\\\/fr\\\/qui-sommes-nous\\\/\",\"name\":\"Qui sommes nous - Couvent de Cefalu B&amp;B\",\"isPartOf\":{\"@id\":\"https:\\\/\\\/conventocefalu.com\\\/fr\\\/#website\"},\"primaryImageOfPage\":{\"@id\":\"https:\\\/\\\/conventocefalu.com\\\/fr\\\/qui-sommes-nous\\\/#primaryimage\"},\"image\":{\"@id\":\"https:\\\/\\\/conventocefalu.com\\\/fr\\\/qui-sommes-nous\\\/#primaryimage\"},\"thumbnailUrl\":\"https:\\\/\\\/conventocefalu.com\\\/wp-content\\\/uploads\\\/2019\\\/04\\\/DSCN9542-e1554558987985.jpg\",\"datePublished\":\"2018-12-10T03:06:47+00:00\",\"dateModified\":\"2019-04-15T12:49:36+00:00\",\"description\":\"Les s\u0153urs de Cefal\u00f9 accueillent des touristes qui souhaitent passer leurs vacances \u00e0 Cefal\u00f9. Le couvent est situ\u00e9 en face de la mer et de la plage de sable.\",\"breadcrumb\":{\"@id\":\"https:\\\/\\\/conventocefalu.com\\\/fr\\\/qui-sommes-nous\\\/#breadcrumb\"},\"inLanguage\":\"fr-FR\",\"potentialAction\":[{\"@type\":\"ReadAction\",\"target\":[\"https:\\\/\\\/conventocefalu.com\\\/fr\\\/qui-sommes-nous\\\/\"]}]},{\"@type\":\"ImageObject\",\"inLanguage\":\"fr-FR\",\"@id\":\"https:\\\/\\\/conventocefalu.com\\\/fr\\\/qui-sommes-nous\\\/#primaryimage\",\"url\":\"https:\\\/\\\/conventocefalu.com\\\/wp-content\\\/uploads\\\/2019\\\/04\\\/DSCN9542-e1554558987985.jpg\",\"contentUrl\":\"https:\\\/\\\/conventocefalu.com\\\/wp-content\\\/uploads\\\/2019\\\/04\\\/DSCN9542-e1554558987985.jpg\",\"width\":600,\"height\":450,\"caption\":\"La m\u00e8re sup\u00e9rieure du couvent sur la plage de Cefal\u00f9\"},{\"@type\":\"BreadcrumbList\",\"@id\":\"https:\\\/\\\/conventocefalu.com\\\/fr\\\/qui-sommes-nous\\\/#breadcrumb\",\"itemListElement\":[{\"@type\":\"ListItem\",\"position\":1,\"name\":\"Home\",\"item\":\"https:\\\/\\\/conventocefalu.com\\\/fr\\\/\"},{\"@type\":\"ListItem\",\"position\":2,\"name\":\"Qui sommes nous\"}]},{\"@type\":\"WebSite\",\"@id\":\"https:\\\/\\\/conventocefalu.com\\\/fr\\\/#website\",\"url\":\"https:\\\/\\\/conventocefalu.com\\\/fr\\\/\",\"name\":\"Collegio di Maria\",\"description\":\"Chambres vue mer dans lit et petit d\u00e9jeun\u00e9 - bed and breakfast - \u00e0 Cefalu, en Sicile.\",\"potentialAction\":[{\"@type\":\"SearchAction\",\"target\":{\"@type\":\"EntryPoint\",\"urlTemplate\":\"https:\\\/\\\/conventocefalu.com\\\/fr\\\/?s={search_term_string}\"},\"query-input\":{\"@type\":\"PropertyValueSpecification\",\"valueRequired\":true,\"valueName\":\"search_term_string\"}}],\"inLanguage\":\"fr-FR\"}]}<\/script>\n<!-- \/ Yoast SEO plugin. -->","yoast_head_json":{"title":"Qui sommes nous - Couvent de Cefalu B&amp;B","description":"Les s\u0153urs de Cefal\u00f9 accueillent des touristes qui souhaitent passer leurs vacances \u00e0 Cefal\u00f9. Le couvent est situ\u00e9 en face de la mer et de la plage de sable.","robots":{"index":"index","follow":"follow","max-snippet":"max-snippet:-1","max-image-preview":"max-image-preview:large","max-video-preview":"max-video-preview:-1"},"canonical":"https:\/\/conventocefalu.com\/fr\/qui-sommes-nous\/","og_locale":"fr_FR","og_type":"article","og_title":"Qui sommes nous - Couvent de Cefalu B&amp;B","og_description":"Les s\u0153urs de Cefal\u00f9 accueillent des touristes qui souhaitent passer leurs vacances \u00e0 Cefal\u00f9. Le couvent est situ\u00e9 en face de la mer et de la plage de sable.","og_url":"https:\/\/conventocefalu.com\/fr\/qui-sommes-nous\/","og_site_name":"Couvent de Cefalu B&amp;B","article_publisher":"https:\/\/www.facebook.com\/ConventoCefalu","article_modified_time":"2019-04-15T12:49:36+00:00","og_image":[{"width":600,"height":450,"url":"https:\/\/conventocefalu.com\/wp-content\/uploads\/2019\/04\/DSCN9542-e1554558987985.jpg","type":"image\/jpeg"}],"twitter_card":"summary_large_image","twitter_misc":{"Dur\u00e9e de lecture estim\u00e9e":"2 minutes"},"schema":{"@context":"https:\/\/schema.org","@graph":[{"@type":"WebPage","@id":"https:\/\/conventocefalu.com\/fr\/qui-sommes-nous\/","url":"https:\/\/conventocefalu.com\/fr\/qui-sommes-nous\/","name":"Qui sommes nous - Couvent de Cefalu B&amp;B","isPartOf":{"@id":"https:\/\/conventocefalu.com\/fr\/#website"},"primaryImageOfPage":{"@id":"https:\/\/conventocefalu.com\/fr\/qui-sommes-nous\/#primaryimage"},"image":{"@id":"https:\/\/conventocefalu.com\/fr\/qui-sommes-nous\/#primaryimage"},"thumbnailUrl":"https:\/\/conventocefalu.com\/wp-content\/uploads\/2019\/04\/DSCN9542-e1554558987985.jpg","datePublished":"2018-12-10T03:06:47+00:00","dateModified":"2019-04-15T12:49:36+00:00","description":"Les s\u0153urs de Cefal\u00f9 accueillent des touristes qui souhaitent passer leurs vacances \u00e0 Cefal\u00f9. Le couvent est situ\u00e9 en face de la mer et de la plage de sable.","breadcrumb":{"@id":"https:\/\/conventocefalu.com\/fr\/qui-sommes-nous\/#breadcrumb"},"inLanguage":"fr-FR","potentialAction":[{"@type":"ReadAction","target":["https:\/\/conventocefalu.com\/fr\/qui-sommes-nous\/"]}]},{"@type":"ImageObject","inLanguage":"fr-FR","@id":"https:\/\/conventocefalu.com\/fr\/qui-sommes-nous\/#primaryimage","url":"https:\/\/conventocefalu.com\/wp-content\/uploads\/2019\/04\/DSCN9542-e1554558987985.jpg","contentUrl":"https:\/\/conventocefalu.com\/wp-content\/uploads\/2019\/04\/DSCN9542-e1554558987985.jpg","width":600,"height":450,"caption":"La m\u00e8re sup\u00e9rieure du couvent sur la plage de Cefal\u00f9"},{"@type":"BreadcrumbList","@id":"https:\/\/conventocefalu.com\/fr\/qui-sommes-nous\/#breadcrumb","itemListElement":[{"@type":"ListItem","position":1,"name":"Home","item":"https:\/\/conventocefalu.com\/fr\/"},{"@type":"ListItem","position":2,"name":"Qui sommes nous"}]},{"@type":"WebSite","@id":"https:\/\/conventocefalu.com\/fr\/#website","url":"https:\/\/conventocefalu.com\/fr\/","name":"Collegio di Maria","description":"Chambres vue mer dans lit et petit d\u00e9jeun\u00e9 - bed and breakfast - \u00e0 Cefalu, en Sicile.","potentialAction":[{"@type":"SearchAction","target":{"@type":"EntryPoint","urlTemplate":"https:\/\/conventocefalu.com\/fr\/?s={search_term_string}"},"query-input":{"@type":"PropertyValueSpecification","valueRequired":true,"valueName":"search_term_string"}}],"inLanguage":"fr-FR"}]}},"_links":{"self":[{"href":"https:\/\/conventocefalu.com\/fr\/wp-json\/wp\/v2\/pages\/11826"}],"collection":[{"href":"https:\/\/conventocefalu.com\/fr\/wp-json\/wp\/v2\/pages"}],"about":[{"href":"https:\/\/conventocefalu.com\/fr\/wp-json\/wp\/v2\/types\/page"}],"author":[{"embeddable":true,"href":"https:\/\/conventocefalu.com\/fr\/wp-json\/wp\/v2\/users\/1"}],"replies":[{"embeddable":true,"href":"https:\/\/conventocefalu.com\/fr\/wp-json\/wp\/v2\/comments?post=11826"}],"version-history":[{"count":0,"href":"https:\/\/conventocefalu.com\/fr\/wp-json\/wp\/v2\/pages\/11826\/revisions"}],"wp:featuredmedia":[{"embeddable":true,"href":"https:\/\/conventocefalu.com\/fr\/wp-json\/wp\/v2\/media\/11062"}],"wp:attachment":[{"href":"https:\/\/conventocefalu.com\/fr\/wp-json\/wp\/v2\/media?parent=11826"}],"curies":[{"name":"wp","href":"https:\/\/api.w.org\/{rel}","templated":true}]}}

<div class="wpb-content-wrapper"><p>[vc_row][vc_column][vc_column_text]</p>
<h2 style="text-align: center;">Le Couvent de Cefalù</h2>
<p>[/vc_column_text][vc_empty_space height= »60px »][/vc_column][/vc_row][vc_row][vc_column width= »1/2&Prime;][vc_column_text el_class= »st-aboutus-title »]</p>
<h3>Le Passé</h3>
<p>[/vc_column_text][vc_column_text el_class= »st-aboutus-content »]L&rsquo;ordre religieux des Soeurs Collégines a été fondé en 1700 par le cardinal Pier Marcellino Corradini. Son travail pour les pauvres n’était pas celui d’aumônes humiliantes, mais celui d’aider l’homme à s’aider.</p>
<p>La congrégation ne s&rsquo;est jamais réfugiée dans des écoles fermées, mais a toujours été présente dans le contexte social avec une action formatrice avec le travail des collèges, visant à développer la conscience féminine en tant que fondement du développement éthique et culturel de la Sicile. .[/vc_column_text][vc_empty_space][vc_single_image image= »10967&Prime; img_size= »large » alignment= »center » css_animation= »none »][vc_empty_space][/vc_column][vc_column width= »1/2&Prime;][vc_column_text el_class= »st-aboutus-title »]</p>
<h3>Le Présent</h3>
<p>[/vc_column_text][vc_column_text el_class= »st-aboutus-content »]Aujourd&rsquo;hui, heureusement, la société a atteint un niveau bien réel pour surmonter les urgences du passé et de l&rsquo;ancien pensionnat entièrement rénové, des Sœurs de Cefalù accueillent les touristes pour leurs vacances.</p>
<p>Nous sommes en face de la mer et de la plage de sable et à environ 700 mètres de la gare et à un kilomètre du port de Cefalù. Si vous voulez essayer quelque chose de différent de l’hôtel habituel sans renoncer à tout le confort, nous serons heureux de vous accueillir au couvent de Cefalù.[/vc_column_text][vc_empty_space][vc_single_image image= »10972&Prime; img_size= »large » alignment= »center »][vc_empty_space][/vc_column][/vc_row][vc_row][vc_column][vc_empty_space height= »65px »][/vc_column][/vc_row]</p>
</div>

<p>[vc_row][vc_column][vc_column_text] Le Couvent de Cefalù [/vc_column_text][vc_empty_space height= »60px »][/vc_column][/vc_row][vc_row][vc_column width= »1/2&Prime;][vc_column_text el_class= »st-aboutus-title »] Le Passé [/vc_column_text][vc_column_text el_class= »st-aboutus-content »]L&rsquo;ordre religieux des Soeurs Collégines a été fondé en 1700 par le cardinal Pier Marcellino Corradini. Son travail pour les pauvres n’était pas celui d’aumônes humiliantes, mais celui d’aider l’homme à s’aider. La congrégation ne s&rsquo;est jamais réfugiée dans des écoles fermées, mais [&hellip;]</p>

<!-- This site is optimized with the Yoast SEO plugin v27.4 - https://yoast.com/product/yoast-seo-wordpress/ -->
<title>Qui sommes nous - Couvent de Cefalu B&amp;B</title>
<meta name="description" content="Les sœurs de Cefalù accueillent des touristes qui souhaitent passer leurs vacances à Cefalù. Le couvent est situé en face de la mer et de la plage de sable." />
<meta name="robots" content="index, follow, max-snippet:-1, max-image-preview:large, max-video-preview:-1" />
<link rel="canonical" href="https://conventocefalu.com/fr/qui-sommes-nous/" />
<meta property="og:locale" content="fr_FR" />
<meta property="og:type" content="article" />
<meta property="og:title" content="Qui sommes nous - Couvent de Cefalu B&amp;B" />
<meta property="og:description" content="Les sœurs de Cefalù accueillent des touristes qui souhaitent passer leurs vacances à Cefalù. Le couvent est situé en face de la mer et de la plage de sable." />
<meta property="og:url" content="https://conventocefalu.com/fr/qui-sommes-nous/" />
<meta property="og:site_name" content="Couvent de Cefalu B&amp;B" />
<meta property="article:publisher" content="https://www.facebook.com/ConventoCefalu" />
<meta property="article:modified_time" content="2019-04-15T12:49:36+00:00" />
<meta property="og:image" content="https://conventocefalu.com/wp-content/uploads/2019/04/DSCN9542-e1554558987985.jpg" />
	<meta property="og:image:width" content="600" />
	<meta property="og:image:height" content="450" />
	<meta property="og:image:type" content="image/jpeg" />
<meta name="twitter:card" content="summary_large_image" />
<meta name="twitter:label1" content="Durée de lecture estimée" />
	<meta name="twitter:data1" content="2 minutes" />
<script type="application/ld+json" class="yoast-schema-graph">{"@context":"https:\/\/schema.org","@graph":[{"@type":"WebPage","@id":"https:\/\/conventocefalu.com\/fr\/qui-sommes-nous\/","url":"https:\/\/conventocefalu.com\/fr\/qui-sommes-nous\/","name":"Qui sommes nous - Couvent de Cefalu B&amp;B","isPartOf":{"@id":"https:\/\/conventocefalu.com\/fr\/#website"},"primaryImageOfPage":{"@id":"https:\/\/conventocefalu.com\/fr\/qui-sommes-nous\/#primaryimage"},"image":{"@id":"https:\/\/conventocefalu.com\/fr\/qui-sommes-nous\/#primaryimage"},"thumbnailUrl":"https:\/\/conventocefalu.com\/wp-content\/uploads\/2019\/04\/DSCN9542-e1554558987985.jpg","datePublished":"2018-12-10T03:06:47+00:00","dateModified":"2019-04-15T12:49:36+00:00","description":"Les sœurs de Cefalù accueillent des touristes qui souhaitent passer leurs vacances à Cefalù. Le couvent est situé en face de la mer et de la plage de sable.","breadcrumb":{"@id":"https:\/\/conventocefalu.com\/fr\/qui-sommes-nous\/#breadcrumb"},"inLanguage":"fr-FR","potentialAction":[{"@type":"ReadAction","target":["https:\/\/conventocefalu.com\/fr\/qui-sommes-nous\/"]}]},{"@type":"ImageObject","inLanguage":"fr-FR","@id":"https:\/\/conventocefalu.com\/fr\/qui-sommes-nous\/#primaryimage","url":"https:\/\/conventocefalu.com\/wp-content\/uploads\/2019\/04\/DSCN9542-e1554558987985.jpg","contentUrl":"https:\/\/conventocefalu.com\/wp-content\/uploads\/2019\/04\/DSCN9542-e1554558987985.jpg","width":600,"height":450,"caption":"La mère supérieure du couvent sur la plage de Cefalù"},{"@type":"BreadcrumbList","@id":"https:\/\/conventocefalu.com\/fr\/qui-sommes-nous\/#breadcrumb","itemListElement":[{"@type":"ListItem","position":1,"name":"Home","item":"https:\/\/conventocefalu.com\/fr\/"},{"@type":"ListItem","position":2,"name":"Qui sommes nous"}]},{"@type":"WebSite","@id":"https:\/\/conventocefalu.com\/fr\/#website","url":"https:\/\/conventocefalu.com\/fr\/","name":"Collegio di Maria","description":"Chambres vue mer dans lit et petit déjeuné - bed and breakfast - à Cefalu, en Sicile.","potentialAction":[{"@type":"SearchAction","target":{"@type":"EntryPoint","urlTemplate":"https:\/\/conventocefalu.com\/fr\/?s={search_term_string}"},"query-input":{"@type":"PropertyValueSpecification","valueRequired":true,"valueName":"search_term_string"}}],"inLanguage":"fr-FR"}]}</script>
<!-- / Yoast SEO plugin. -->

Les sœurs de Cefalù accueillent des touristes qui souhaitent passer leurs vacances à Cefalù. Le couvent est situé en face de la mer et de la plage de sable.

La mère supérieure du couvent sur la plage de Cefalù

Chambres vue mer dans lit et petit déjeuné - bed and breakfast - à Cefalu, en Sicile.
